rime factors of 2948.
2, 11, 67
What are the prime factors of 73649?
47, 1567
What are the prime factors of 40302?
2, 3, 2239
List the prime factors of 7021.
7, 17, 59
List the prime factors of 4828.
2, 17, 71
What are the prime factors of 95122?
2, 199, 239
What are the prime factors of 2964?
2, 3, 13, 19
What are the prime factors of 15964?
2, 13, 307
List the prime factors of 821.
821
List the prime factors of 6609.
3, 2203
What are the prime factors of 669?
3, 223
List the prime factors of 1043.
7, 149
What are the prime factors of 7139?
11, 59
What are the prime factors of 6755?
5, 7, 193
List the prime factors of 27274.
2, 13, 1049
List the prime factors of 32588.
2, 8147
What are the prime factors of 2290?
2, 5, 229
List the prime factors of 612.
2, 3, 17
List the prime factors of 8504.
2, 1063
What are the prime factors of 2773?
47, 59
List the prime factors of 1134.
2, 3, 7
List the prime factors of 2932.
2, 733
List the prime factors of 1488.
2, 3, 31
What are the prime factors of 6415?
5, 1283
What are the prime factors of 2720?
2, 5, 17
List the prime factors of 148438.
2, 74219
What are the prime factors of 294?
2, 3, 7
List the prime factors of 8181.
3, 101
List the prime factors of 3114.
2, 3, 173
What are the prime factors of 34551?
3, 11, 349
List the prime factors of 9695.
5, 7, 277
List the prime factors of 1738.
2, 11, 79
List the prime factors of 3182.
2, 37, 43
List the prime factors of 1328.
2, 83
List the prime factors of 4773.
3, 37, 43
List the prime factors of 62791.
62791
What are the prime factors of 86708?
2, 53, 409
List the prime factors of 388.
2, 97
List the prime factors of 30299.
41, 739
What are the prime factors of 136330?
2, 5, 13633
List the prime factors of 25999.
25999
List the prime factors of 11525.
5, 461
List the prime factors of 1083.
3, 19
List the prime factors of 297.
3, 11
What are the prime factors of 361?
19
List the prime factors of 104509.
41, 2549
What are the prime factors of 35703?
3, 3967
List the prime factors of 16148.
2, 11, 367
What are the prime factors of 702?
2, 3, 13
List the prime factors of 23740.
2, 5, 1187
What are the prime factors of 62522?
2, 43, 727
What are the prime factors of 659?
659
List the prime factors of 70992.
2, 3, 17, 29
What are the prime factors of 1007?
19, 53
What are the prime factors of 21697?
13, 1669
What are the prime factors of 10709?
10709
List the prime factors of 13928.
2, 1741
What are the prime factors of 28446?
2, 3, 11, 431
What are the prime factors of 5883?
3, 37, 53
List the prime factors of 2408.
2, 7, 43
List the prime factors of 2606.
2, 1303
What are the prime factors of 64910?
2, 5, 6491
List the prime factors of 1367.
1367
What are the prime factors of 48852?
2, 3, 23, 59
List the prime factors of 682.
2, 11, 31
What are the prime factors of 10069?
10069
What are the prime factors of 4213?
11, 383
List the prime factors of 15272.
2, 23, 83
List the prime factors of 16593.
3, 5531
What are the prime factors of 5611?
31, 181
What are the prime factors of 83553?
3, 27851
What are the prime factors of 232?
2, 29
What are the prime factors of 71759?
73, 983
What are the prime factors of 5119?
5119
What are the prime factors of 165?
3, 5, 11
What are the prime factors of 202970?
2, 5, 20297
What are the prime factors of 6826?
2, 3413
List the prime factors of 39959.
31, 1289
List the prime factors of 179.
179
What are the prime factors of 71086?
2, 35543
List the prime factors of 87.
3, 29
List the prime factors of 66112.
2, 1033
List the prime factors of 865.
5, 173
List the prime factors of 5349.
3, 1783
List the prime factors of 24769.
17, 31, 47
What are the prime factors of 17892?
2, 3, 7, 71
List the prime factors of 22316.
2, 7, 797
List the prime factors of 555.
3, 5, 37
List the prime factors of 843.
3, 281
What are the prime factors of 2119?
13, 163
List the prime factors of 2742.
2, 3, 457
List the prime factors of 2215.
5, 443
List the prime factors of 2170.
2, 5, 7, 31
List the prime factors of 4017.
3, 13, 103
What are the prime factors of 1296?
2, 3
What are the prime factors of 2226?
2, 3, 7, 53
List the prime factors of 497.
7, 71
List the prime factors of 10488.
2, 3, 19, 23
What are the prime factors of 1745?
5, 349
What are the prime factors of 23334?
2, 3, 3889
What are the prime factors of 121991?
43, 2837
List the prime factors of 23112.
2, 3, 107
What are the prime factors of 11629?
29, 401
What are the prime factors of 149748?
2, 3, 12479
List the prime factors of 3751.
11, 31
List the prime factors of 11398.
2, 41, 139
List the prime factors of 927.
3, 103
List the prime factors of 7732.
2, 1933
List the prime factors of 15329.
15329
What are the prime factors of 24388?
2, 7, 13, 67
List the prime factors of 476.
2, 7, 17
List the prime factors of 628.
2, 157
List the prime factors of 5649.
3, 7, 269
What are the prime factors of 546?
2, 3, 7, 13
List the prime factors of 83895.
3, 5, 7, 17, 47
List the prime factors of 27173.
29, 937
What are the prime factors of 2127?
3, 709
What are the prime factors of 48803?
37, 1319
What are the prime factors of 5137?
11, 467
What are the prime factors of 4879?
7, 17, 41
List the prime factors of 935.
5, 11, 17
What are the prime factors of 2599?
23, 113
What are the prime factors of 73463?
13, 5651
List the prime factors of 14385.
3, 5, 7, 137
What are the prime factors of 15233?
15233
List the prime factors of 5582.
2, 2791
What are the prime factors of 3493?
7, 499
What are the prime factors of 24890?
2, 5, 19, 131
List the prime factors of 4193.
7, 599
List the prime factors of 881.
881
What are the prime factors of 1277?
1277
List the prime factors of 99.
3, 11
What are the prime factors of 7890?
2, 3, 5, 263
List the prime factors of 78441.
3, 11, 2377
List the prime factors of 754.
2, 13, 29
List the prime factors of 1327.
1327
List the prime factors of 532.
2, 7, 19
What are the prime factors of 23169?
3, 7723
What are the prime factors of 2277?
3, 11, 23
What are the prime factors of 15005?
5, 3001
What are the prime factors of 71338?
2, 53, 673
What are the prime factors of 2323?
23, 101
What are the prime factors of 10013?
17, 19, 31
List the prime factors of 1779.
3, 593
List the prime factors of 5247.
3, 11, 53
What are the prime factors of 33520?
2, 5, 419
What are the prime factors of 1703?
13, 131
What are the prime factors of 1889?
1889
What are the prime factors of 640?
2, 5
List the prime factors of 20647.
11, 1877
List the prime factors of 5033.
7, 719
List the prime factors of 20738.
2, 10369
What are the prime factors of 2092?
2, 523
What are the prime factors of 23474?
2, 11, 97
What are the prime factors of 8821?
8821
What are the prime factors of 3303?
3, 367
List the prime factors of 7887.
3, 11, 239
List the prime factors of 27418.
2, 13709
What are the prime factors of 4133?
4133
List the prime factors of 7524.
2, 3, 11, 19
What are the prime factors of 3567?
3, 29, 41
List the prime factors of 5850.
2, 3, 5, 13
List the prime factors of 6674.
2, 47, 71
List the prime factors of 78961.
281
List the prime factors of 1873.
1873
List the prime factors of 8991.
3, 37
List the prime factors of 42624.
2, 3, 37
What are the prime factors of 1264?
2, 79
List the prime factors of 29429.
29429
List the prime factors of 53346.
2, 3, 17, 523
List the prime factors of 22768.
2, 1423
List the prime factors of 596.
2, 149
List the prime factors of 7827.
3, 2609
What are the prime factors of 672?
2, 3, 7
List the prime factors of 35431.
11, 3221
List the prime factors of 990.
2, 3, 5, 11
List the prime factors of 43402.
2, 21701
List the prime factors of 18696.
2, 3, 19, 41
What are the prime factors of 45476?
2, 11369
List the prime factors of 10179.
3, 13, 29
What are the prime factors of 17772?
2, 3, 1481
What are the prime factors of 57929?
53, 1093
What are the prime factors of 110640?
2, 3, 5, 461
List the prime factors of 1412.
2, 353
List the prime factors of 2171.
13, 167
What are the prime factors of 580?
2, 5, 29
What are the prime factors of 48439?
59, 821
List the prime factors of 57331.
57331
List the prime factors of 3745.
5, 7, 107
What are the prime factors of 256?
2
What are the prime factors of 6241?
79
List the prime factors of 8397.
3, 